{"id":6796,"date":"2017-01-09T11:16:29","date_gmt":"2017-01-09T11:16:29","guid":{"rendered":"http:\/\/castletown.ie\/catering\/"},"modified":"2017-06-13T11:24:20","modified_gmt":"2017-06-13T10:24:20","slug":"catering","status":"publish","type":"page","link":"https:\/\/castletown.ie\/ga\/catering\/","title":{"rendered":"L\u00f3nad\u00f3ireacht"},"content":{"rendered":"<p>[et_pb_section bb_built=&#8221;1&#8243; admin_label=&#8221;Section&#8221; fullwidth=&#8221;on&#8221; specialty=&#8221;off&#8221;][et_pb_fullwidth_header admin_label=&#8221;Fullwidth Header&#8221; title=&#8221;L\u00f3nad\u00f3ireacht&#8221; background_layout=&#8221;dark&#8221; text_orientation=&#8221;center&#8221; header_fullscreen=&#8221;on&#8221; header_scroll_down=&#8221;on&#8221; background_url=&#8221;http:\/\/castletown.ie\/wp-content\/uploads\/2017\/01\/Castletown-House.-Mark-Reddy-Trinity-Digital-Studios.-OPW..jpg&#8221; background_overlay_color=&#8221;rgba(0,0,0,0.33)&#8221; parallax=&#8221;off&#8221; parallax_method=&#8221;off&#8221; content_orientation=&#8221;center&#8221; image_orientation=&#8221;center&#8221; title_font_size=&#8221;50px&#8221; custom_button_one=&#8221;off&#8221; button_one_letter_spacing=&#8221;0&#8243; button_one_use_icon=&#8221;default&#8221; button_one_icon_placement=&#8221;right&#8221; button_one_on_hover=&#8221;on&#8221; button_one_letter_spacing_hover=&#8221;0&#8243; custom_button_two=&#8221;off&#8221; button_two_letter_spacing=&#8221;0&#8243; button_two_use_icon=&#8221;default&#8221; button_two_icon_placement=&#8221;right&#8221; button_two_on_hover=&#8221;on&#8221; button_two_letter_spacing_hover=&#8221;0&#8243; scroll_down_icon=&#8221;%%0%%&#8221; scroll_down_icon_size=&#8221;25px&#8221; subhead=&#8221;Traidisi\u00fan Fada F\u00e1iltithe&#8221; subhead_font_size=&#8221;23px&#8221; \/][\/et_pb_section][et_pb_section bb_built=&#8221;1&#8243; admin_label=&#8221;Section&#8221; fullwidth=&#8221;off&#8221; specialty=&#8221;off&#8221; transparent_background=&#8221;off&#8221; allow_player_pause=&#8221;off&#8221; inner_shadow=&#8221;off&#8221; parallax=&#8221;off&#8221; parallax_method=&#8221;off&#8221; make_fullwidth=&#8221;off&#8221; use_custom_width=&#8221;off&#8221; width_unit=&#8221;on&#8221; make_equal=&#8221;off&#8221; use_custom_gutter=&#8221;off&#8221;][et_pb_row admin_label=&#8221;Row&#8221;][et_pb_column type=&#8221;4_4&#8243;][et_pb_text admin_label=&#8221;Lavish entertainment&#8230; Text&#8221; background_layout=&#8221;light&#8221; text_orientation=&#8221;left&#8221; use_border_color=&#8221;off&#8221; border_color=&#8221;#ffffff&#8221; border_style=&#8221;solid&#8221;]<\/p>\n<h3>Bh\u00ed ainm amuigh ar Bhaile an Chaisle\u00e1in as rogha na siamsa\u00edochta&#8230;<\/h3>\n<p>&#8230; agus togha na f\u00e1ilte sna haoiseanna at\u00e1 caite agus is f\u00e9idir breathn\u00fa air inniu mar shu\u00edomh den scoth do dhinn\u00e9ir agus f\u00e1iltithe ceili\u00fartha. T\u00e1 dh\u00e1 chistin sa teach agus \u00e1iseanna at\u00e9ite iontu araon \u2013 ceann ar an gc\u00e9ad url\u00e1r de Sciath\u00e1n na St\u00e1bla\u00ed agus ceann in \u00edoslach an t\u00ed mh\u00f3ir. T\u00e1 seomra in aice leis an Seomra Bia chomh maith inar f\u00e9idir bains maries a shuiti\u00fa agus bia a dh\u00e1ileadh.<\/p>\n<p>Molaimid go mbainf\u00ed leas as an bpain\u00e9al de chomhlachta\u00ed l\u00f3nad\u00f3ireachta th\u00edos at\u00e1 roghnaithe go c\u00faramach againn n\u00f3 an comhlacht l\u00f3nad\u00f3ireacht at\u00e1 i bhfeighil ar an gcaif\u00e9 anseo ar an l\u00e1thair.<\/p>\n<p>[\/et_pb_text][\/et_pb_column][\/et_pb_row][et_pb_row admin_label=&#8221;Row&#8221;][et_pb_column type=&#8221;4_4&#8243;][et_pb_divider admin_label=&#8221;Divider&#8221; color=&#8221;#777777&#8243; show_divider=&#8221;on&#8221; divider_style=&#8221;solid&#8221; divider_position=&#8221;top&#8221; hide_on_mobile=&#8221;off&#8221; \/][\/et_pb_column][\/et_pb_row][et_pb_row admin_label=&#8221;Row&#8221;][et_pb_column type=&#8221;4_4&#8243;][et_pb_text admin_label=&#8221;Catering Firm Table Text&#8221; background_layout=&#8221;light&#8221; text_orientation=&#8221;left&#8221; use_border_color=&#8221;off&#8221; border_color=&#8221;#ffffff&#8221; border_style=&#8221;solid&#8221;]<\/p>\n<h3>Comhlachta\u00ed L\u00f3nad\u00f3ireachta Faofa<\/h3>\n<p>&nbsp;<\/p>\n<table style=\"height: 621px;\" width=\"682\">\n<tbody>\n<tr>\n<td><a href=\"http:\/\/bermanandwallace.ie\/\" target=\"_blank\" rel=\"noopener noreferrer\">Berman and Wallace<\/a><\/td>\n<td><a href=\"tel:+35312196252\">+353 1 2196252<\/a><\/td>\n<td><a href=\"mailto:info@bermanandwallace.com?Subject=Enquiry from Link on Dublin Castle Website\" target=\"_top\">info@bermanandwallace.com<\/a><\/td>\n<\/tr>\n<tr>\n<td><a href=\"http:\/\/www.brambles.ie\/\" target=\"_blank\" rel=\"noopener noreferrer\">Brambles<\/a><\/td>\n<td><a href=\"tel:+35314685000\">+353 1 4685000<\/a><\/td>\n<td><\/td>\n<\/tr>\n<tr>\n<td><a href=\"http:\/\/www.thecaterers.ie\/\" target=\"_blank\" rel=\"noopener noreferrer\">The Caterers<\/a><\/td>\n<td><a href=\"tel:+35314602999\">+353 1 4602999<\/a><\/td>\n<td><a href=\"mailto:menuplanner@thecaterers.ie?Subject=Enquiry from Link on Dublin Castle Website\" target=\"_top\">menuplanner@thecaterers.ie<\/a><\/td>\n<\/tr>\n<tr>\n<td><a href=\"http:\/\/www.compass-group.ie\/\" target=\"_blank\" rel=\"noopener noreferrer\">Compass Group<\/a><\/td>\n<td><a href=\"tel:+35316296100\">+353 1 6296100<\/a><\/td>\n<td><\/td>\n<\/tr>\n<tr>\n<td><a href=\"http:\/\/eganhospitality.ie\/\" target=\"_blank\" rel=\"noopener noreferrer\">Egan Hospitality<\/a><\/td>\n<td><a href=\"tel:+35316454147\">+353 1 6454147<\/a><\/td>\n<td><a href=\"mailto:info@eganhospitality.ie?Subject=Enquiry from Link on Dublin Castle Website\" target=\"_top\">info@eganhospitality.ie<\/a><\/td>\n<\/tr>\n<tr>\n<td><a href=\"http:\/\/www.feast.ie\/\" target=\"_blank\" rel=\"noopener noreferrer\">Feast<\/a><\/td>\n<td><a href=\"tel:+353879483052\">+353 87 9483052<\/a> \u200e<\/td>\n<td><a href=\"mailto:peaches@itsa.ie?Subject=Enquiry from Link on Dublin Castle Website\" target=\"_top\">peaches@itsa.ie<\/a><\/td>\n<\/tr>\n<tr>\n<td><a href=\"http:\/\/www.fitzerscatering.ie\/\" target=\"_blank\" rel=\"noopener noreferrer\">Fitzers<\/a><\/td>\n<td><a href=\"tel:+35312896522\">+353 1 2896522<\/a><\/td>\n<td><\/td>\n<\/tr>\n<tr>\n<td><a href=\"http:\/\/www.jccatering.ie\/\" target=\"_blank\" rel=\"noopener noreferrer\">John Coughlan<\/a><\/td>\n<td><a href=\"tel:+35316214556\">+353 1 6214556<\/a><\/td>\n<td><\/td>\n<\/tr>\n<tr>\n<td><a href=\"http:\/\/www.knightscatering.ie\/\" target=\"_blank\" rel=\"noopener noreferrer\">Knights<\/a><\/td>\n<td><a href=\"tel:+35319014362\">+353 1 9014362<\/a><\/td>\n<td><a href=\"mailto:info@knightscatering.ie?Subject=Enquiry from Link on Dublin Castle Website\" target=\"_top\">info@knightscatering.ie<\/a><\/td>\n<\/tr>\n<tr>\n<td><a href=\"http:\/\/www.therightcateringcompany.com\/\" target=\"_blank\" rel=\"noopener noreferrer\">The Right Catering Company<\/a><\/td>\n<td><a href=\"tel:+353872620240\">+353 87 2620240<\/a><\/td>\n<td><a href=\"mailto:info@therightcateringcompany.com?Subject=Enquiry from Link on Dublin Castle Website\" target=\"_top\">info@therightcateringcompany.com<\/a><\/td>\n<\/tr>\n<tr>\n<td><a href=\"http:\/\/www.vhanloncatering.ie\/\" target=\"_blank\" rel=\"noopener noreferrer\">Vinny Hanlon Catering<\/a><\/td>\n<td><a href=\"tel:+35312116522\">+353 1 2116522<\/a><\/td>\n<td><\/td>\n<\/tr>\n<tr>\n<td><a href=\"http:\/\/www.withtaste.ie\/\" target=\"_blank\" rel=\"noopener noreferrer\">With Taste<\/a><\/td>\n<td><a href=\"tel:+35316268293\">+353 1 6268293<\/a><\/td>\n<td><a href=\"mailto:info@withtaste.ie?Subject=Enquiry from Link on Dublin Castle Website\" target=\"_top\">info@withtaste.ie<\/a><\/td>\n<\/tr>\n<\/tbody>\n<\/table>\n<p>[\/et_pb_text][\/et_pb_column][\/et_pb_row][\/et_pb_section][et_pb_section bb_built=&#8221;1&#8243; admin_label=&#8221;Section&#8221; fullwidth=&#8221;on&#8221; specialty=&#8221;off&#8221;][et_pb_fullwidth_image admin_label=&#8221;Fullwidth Image&#8221; src=&#8221;http:\/\/castletown.ie\/wp-content\/uploads\/2017\/01\/018-5194.jpg&#8221; show_in_lightbox=&#8221;off&#8221; url_new_window=&#8221;off&#8221; use_overlay=&#8221;off&#8221; animation=&#8221;off&#8221; use_border_color=&#8221;off&#8221; border_color=&#8221;#ffffff&#8221; border_style=&#8221;solid&#8221; \/][\/et_pb_section]<\/p>\n","protected":false},"excerpt":{"rendered":"<p>Bh\u00ed ainm amuigh ar Bhaile an Chaisle\u00e1in as rogha na siamsa\u00edochta&#8230; &#8230; agus togha na f\u00e1ilte sna haoiseanna at\u00e1 caite agus is f\u00e9idir breathn\u00fa air inniu mar shu\u00edomh den scoth [&hellip;]<\/p>\n","protected":false},"author":12,"featured_media":0,"parent":0,"menu_order":0,"comment_status":"closed","ping_status":"closed","template":"","meta":{"_et_pb_use_builder":"on","_et_pb_old_content":"","_et_gb_content_width":"","footnotes":""},"class_list":["post-6796","page","type-page","status-publish","hentry"],"_links":{"self":[{"href":"https:\/\/castletown.ie\/ga\/wp-json\/wp\/v2\/pages\/6796","targetHints":{"allow":["GET"]}}],"collection":[{"href":"https:\/\/castletown.ie\/ga\/wp-json\/wp\/v2\/pages"}],"about":[{"href":"https:\/\/castletown.ie\/ga\/wp-json\/wp\/v2\/types\/page"}],"author":[{"embeddable":true,"href":"https:\/\/castletown.ie\/ga\/wp-json\/wp\/v2\/users\/12"}],"replies":[{"embeddable":true,"href":"https:\/\/castletown.ie\/ga\/wp-json\/wp\/v2\/comments?post=6796"}],"version-history":[{"count":2,"href":"https:\/\/castletown.ie\/ga\/wp-json\/wp\/v2\/pages\/6796\/revisions"}],"predecessor-version":[{"id":6798,"href":"https:\/\/castletown.ie\/ga\/wp-json\/wp\/v2\/pages\/6796\/revisions\/6798"}],"wp:attachment":[{"href":"https:\/\/castletown.ie\/ga\/wp-json\/wp\/v2\/media?parent=6796"}],"curies":[{"name":"wp","href":"https:\/\/api.w.org\/{rel}","templated":true}]}}

Lónadóireacht

<p>[et_pb_section bb_built=&#8221;1&#8243; admin_label=&#8221;Section&#8221; fullwidth=&#8221;on&#8221; specialty=&#8221;off&#8221;][et_pb_fullwidth_header admin_label=&#8221;Fullwidth Header&#8221; title=&#8221;Lónadóireacht&#8221; background_layout=&#8221;dark&#8221; text_orientation=&#8221;center&#8221; header_fullscreen=&#8221;on&#8221; header_scroll_down=&#8221;on&#8221; background_url=&#8221;http://castletown.ie/wp-content/uploads/2017/01/Castletown-House.-Mark-Reddy-Trinity-Digital-Studios.-OPW..jpg&#8221; background_overlay_color=&#8221;rgba(0,0,0,0.33)&#8221; parallax=&#8221;off&#8221; parallax_method=&#8221;off&#8221; content_orientation=&#8221;center&#8221; image_orientation=&#8221;center&#8221; title_font_size=&#8221;50px&#8221; custom_button_one=&#8221;off&#8221; button_one_letter_spacing=&#8221;0&#8243; button_one_use_icon=&#8221;default&#8221; button_one_icon_placement=&#8221;right&#8221; button_one_on_hover=&#8221;on&#8221; button_one_letter_spacing_hover=&#8221;0&#8243; custom_button_two=&#8221;off&#8221; button_two_letter_spacing=&#8221;0&#8243; button_two_use_icon=&#8221;default&#8221; button_two_icon_placement=&#8221;right&#8221; button_two_on_hover=&#8221;on&#8221; button_two_letter_spacing_hover=&#8221;0&#8243; scroll_down_icon=&#8221;%%0%%&#8221; scroll_down_icon_size=&#8221;25px&#8221; subhead=&#8221;Traidisiún Fada Fáiltithe&#8221; subhead_font_size=&#8221;23px&#8221; /][/et_pb_section][et_pb_section bb_built=&#8221;1&#8243; admin_label=&#8221;Section&#8221; fullwidth=&#8221;off&#8221; specialty=&#8221;off&#8221; transparent_background=&#8221;off&#8221; allow_player_pause=&#8221;off&#8221; inner_shadow=&#8221;off&#8221; parallax=&#8221;off&#8221; parallax_method=&#8221;off&#8221; make_fullwidth=&#8221;off&#8221; use_custom_width=&#8221;off&#8221; width_unit=&#8221;on&#8221; make_equal=&#8221;off&#8221; use_custom_gutter=&#8221;off&#8221;][et_pb_row admin_label=&#8221;Row&#8221;][et_pb_column type=&#8221;4_4&#8243;][et_pb_text admin_label=&#8221;Lavish entertainment&#8230; Text&#8221; background_layout=&#8221;light&#8221; text_orientation=&#8221;left&#8221; use_border_color=&#8221;off&#8221; border_color=&#8221;#ffffff&#8221; border_style=&#8221;solid&#8221;]</p>
<h3>Bhí ainm amuigh ar Bhaile an Chaisleáin as rogha na siamsaíochta&#8230;</h3>
<p>&#8230; agus togha na fáilte sna haoiseanna atá caite agus is féidir breathnú air inniu mar shuíomh den scoth do dhinnéir agus fáiltithe ceiliúrtha. Tá dhá chistin sa teach agus áiseanna atéite iontu araon – ceann ar an gcéad urlár de Sciathán na Stáblaí agus ceann in íoslach an tí mhóir. Tá seomra in aice leis an Seomra Bia chomh maith inar féidir bains maries a shuitiú agus bia a dháileadh.</p>
<p>Molaimid go mbainfí leas as an bpainéal de chomhlachtaí lónadóireachta thíos atá roghnaithe go cúramach againn nó an comhlacht lónadóireacht atá i bhfeighil ar an gcaifé anseo ar an láthair.</p>
<p>[/et_pb_text][/et_pb_column][/et_pb_row][et_pb_row admin_label=&#8221;Row&#8221;][et_pb_column type=&#8221;4_4&#8243;][et_pb_divider admin_label=&#8221;Divider&#8221; color=&#8221;#777777&#8243; show_divider=&#8221;on&#8221; divider_style=&#8221;solid&#8221; divider_position=&#8221;top&#8221; hide_on_mobile=&#8221;off&#8221; /][/et_pb_column][/et_pb_row][et_pb_row admin_label=&#8221;Row&#8221;][et_pb_column type=&#8221;4_4&#8243;][et_pb_text admin_label=&#8221;Catering Firm Table Text&#8221; background_layout=&#8221;light&#8221; text_orientation=&#8221;left&#8221; use_border_color=&#8221;off&#8221; border_color=&#8221;#ffffff&#8221; border_style=&#8221;solid&#8221;]</p>
<h3>Comhlachtaí Lónadóireachta Faofa</h3>
<p>&nbsp;</p>
<table style="height: 621px;" width="682">
<tbody>
<tr>
<td><a href="http://bermanandwallace.ie/" target="_blank" rel="noopener noreferrer">Berman and Wallace</a></td>
<td><a href="tel:+35312196252">+353 1 2196252</a></td>
<td><a href="mailto:info@bermanandwallace.com?Subject=Enquiry from Link on Dublin Castle Website" target="_top">info@bermanandwallace.com</a></td>
</tr>
<tr>
<td><a href="http://www.brambles.ie/" target="_blank" rel="noopener noreferrer">Brambles</a></td>
<td><a href="tel:+35314685000">+353 1 4685000</a></td>
<td></td>
</tr>
<tr>
<td><a href="http://www.thecaterers.ie/" target="_blank" rel="noopener noreferrer">The Caterers</a></td>
<td><a href="tel:+35314602999">+353 1 4602999</a></td>
<td><a href="mailto:menuplanner@thecaterers.ie?Subject=Enquiry from Link on Dublin Castle Website" target="_top">menuplanner@thecaterers.ie</a></td>
</tr>
<tr>
<td><a href="http://www.compass-group.ie/" target="_blank" rel="noopener noreferrer">Compass Group</a></td>
<td><a href="tel:+35316296100">+353 1 6296100</a></td>
<td></td>
</tr>
<tr>
<td><a href="http://eganhospitality.ie/" target="_blank" rel="noopener noreferrer">Egan Hospitality</a></td>
<td><a href="tel:+35316454147">+353 1 6454147</a></td>
<td><a href="mailto:info@eganhospitality.ie?Subject=Enquiry from Link on Dublin Castle Website" target="_top">info@eganhospitality.ie</a></td>
</tr>
<tr>
<td><a href="http://www.feast.ie/" target="_blank" rel="noopener noreferrer">Feast</a></td>
<td><a href="tel:+353879483052">+353 87 9483052</a> ‎</td>
<td><a href="mailto:peaches@itsa.ie?Subject=Enquiry from Link on Dublin Castle Website" target="_top">peaches@itsa.ie</a></td>
</tr>
<tr>
<td><a href="http://www.fitzerscatering.ie/" target="_blank" rel="noopener noreferrer">Fitzers</a></td>
<td><a href="tel:+35312896522">+353 1 2896522</a></td>
<td></td>
</tr>
<tr>
<td><a href="http://www.jccatering.ie/" target="_blank" rel="noopener noreferrer">John Coughlan</a></td>
<td><a href="tel:+35316214556">+353 1 6214556</a></td>
<td></td>
</tr>
<tr>
<td><a href="http://www.knightscatering.ie/" target="_blank" rel="noopener noreferrer">Knights</a></td>
<td><a href="tel:+35319014362">+353 1 9014362</a></td>
<td><a href="mailto:info@knightscatering.ie?Subject=Enquiry from Link on Dublin Castle Website" target="_top">info@knightscatering.ie</a></td>
</tr>
<tr>
<td><a href="http://www.therightcateringcompany.com/" target="_blank" rel="noopener noreferrer">The Right Catering Company</a></td>
<td><a href="tel:+353872620240">+353 87 2620240</a></td>
<td><a href="mailto:info@therightcateringcompany.com?Subject=Enquiry from Link on Dublin Castle Website" target="_top">info@therightcateringcompany.com</a></td>
</tr>
<tr>
<td><a href="http://www.vhanloncatering.ie/" target="_blank" rel="noopener noreferrer">Vinny Hanlon Catering</a></td>
<td><a href="tel:+35312116522">+353 1 2116522</a></td>
<td></td>
</tr>
<tr>
<td><a href="http://www.withtaste.ie/" target="_blank" rel="noopener noreferrer">With Taste</a></td>
<td><a href="tel:+35316268293">+353 1 6268293</a></td>
<td><a href="mailto:info@withtaste.ie?Subject=Enquiry from Link on Dublin Castle Website" target="_top">info@withtaste.ie</a></td>
</tr>
</tbody>
</table>
<p>[/et_pb_text][/et_pb_column][/et_pb_row][/et_pb_section][et_pb_section bb_built=&#8221;1&#8243; admin_label=&#8221;Section&#8221; fullwidth=&#8221;on&#8221; specialty=&#8221;off&#8221;][et_pb_fullwidth_image admin_label=&#8221;Fullwidth Image&#8221; src=&#8221;http://castletown.ie/wp-content/uploads/2017/01/018-5194.jpg&#8221; show_in_lightbox=&#8221;off&#8221; url_new_window=&#8221;off&#8221; use_overlay=&#8221;off&#8221; animation=&#8221;off&#8221; use_border_color=&#8221;off&#8221; border_color=&#8221;#ffffff&#8221; border_style=&#8221;solid&#8221; /][/et_pb_section]</p>

<p>Bhí ainm amuigh ar Bhaile an Chaisleáin as rogha na siamsaíochta&#8230; &#8230; agus togha na fáilte sna haoiseanna atá caite agus is féidir breathnú air inniu mar shuíomh den scoth [&hellip;]</p>
